{"id":525,"date":"2022-06-29T10:39:30","date_gmt":"2022-06-29T08:39:30","guid":{"rendered":"https:\/\/arnwiesen.net\/wpt\/?page_id=525"},"modified":"2022-06-29T10:45:16","modified_gmt":"2022-06-29T08:45:16","slug":"525-2","status":"publish","type":"page","link":"https:\/\/arnwiesen.net\/wpt\/525-2\/","title":{"rendered":"2015 &#8211; 2019"},"content":{"rendered":"<ul class=\"wp-block-latest-posts__list has-dates wp-block-latest-posts\"><li><a class=\"wp-block-latest-posts__post-title\" href=\"https:\/\/arnwiesen.net\/wpt\/2019\/joggende-stadtbesichtigung\/\">Joggende Stadtbesichtigung<\/a><time datetime=\"2019-10-06T10:20:00+02:00\" class=\"wp-block-latest-posts__post-date\">6. Oktober 2019<\/time><div class=\"wp-block-latest-posts__post-excerpt\">Rom &#8211; 2019 Ein Seglet\u00f6rn rund Elba. An- und Ab-Reise erfolgte \u00fcber Rom. Nach der Landung und dem Transfer zum Hotel blieb noch ein wenig Zeit f\u00fcr eine rasende Stadtbesichtigung<\/div><\/li>\n<li><a class=\"wp-block-latest-posts__post-title\" href=\"https:\/\/arnwiesen.net\/wpt\/2019\/radtour-innsbruck-gardasee-2019\/\">Radtour Innsbruck &#8211; Gardasee 2019<\/a><time datetime=\"2019-08-03T09:33:00+02:00\" class=\"wp-block-latest-posts__post-date\">3. August 2019<\/time><div class=\"wp-block-latest-posts__post-excerpt\">Innsbruck (Stefansbr\u00fccke) &#8211; M\u00fchlbach &#8211; Cortina d&#8217;Ampezzo &#8211; Belluno &#8211; Lago di Caldonazzo &#8211; Gardasee (Cassone) Vom 03. &#8211; 10. August 2019 fuhren wir von der Stefansbr\u00fccke bei Innsbruck \u00fcber den Brenner und&nbsp;durch S\u00fcdtirol zum Gardasee.Das waren ca. 452 km in 5 Tagen.In diesem Jahr waren wir 9 Mitfahrer: Bernhard, Werner, Uli, Ludger, Cossi, Andreas, &hellip; <a href=\"https:\/\/arnwiesen.net\/wpt\/2019\/radtour-innsbruck-gardasee-2019\/\" class=\"more-link\"><span class=\"screen-reader-text\">\u201eRadtour Innsbruck &#8211; Gardasee 2019\u201c<\/span> weiterlesen<\/a><\/div><\/li>\n<li><a class=\"wp-block-latest-posts__post-title\" href=\"https:\/\/arnwiesen.net\/wpt\/2019\/35-holten-triathlon-2019\/\">35. Holten Triathlon 2019<\/a><time datetime=\"2019-06-30T09:28:00+02:00\" class=\"wp-block-latest-posts__post-date\">30. Juni 2019<\/time><div class=\"wp-block-latest-posts__post-excerpt\">2019 Holten ETU Premium Sprint Cup &amp; ETU Junior European Cup 34 \u00b0C im Schatten und wo Sonne ist, ein bisschen mehr. Beste Bedingungen f\u00fcr den 35. Triathlon in Holten. Auf Grund der Temperatur ist es ein Swim-Bike &#8211; nach dem Radfahren stoppt die offizielle Zeitmessung. Ab hier ist es freigestellt ob man nach der &hellip; <a href=\"https:\/\/arnwiesen.net\/wpt\/2019\/35-holten-triathlon-2019\/\" class=\"more-link\"><span class=\"screen-reader-text\">\u201e35. Holten Triathlon 2019\u201c<\/span> weiterlesen<\/a><\/div><\/li>\n<li><a class=\"wp-block-latest-posts__post-title\" href=\"https:\/\/arnwiesen.net\/wpt\/2019\/bolsward-statt-harlingen\/\">Bolsward statt Harlingen<\/a><time datetime=\"2019-06-10T09:27:00+02:00\" class=\"wp-block-latest-posts__post-date\">10. Juni 2019<\/time><div class=\"wp-block-latest-posts__post-excerpt\">Fietselfstedentoch die 9. Eigentlich hatte ich nach der 9. Rundfahrt das Kreuz mit dem Harlinger Stadtwappen erwartet, aber es gab Bolsward. Das gro\u00dfe Kreuz zur 100. Elfstedentocht am Band und mit dem Wappen von Bolsward geh\u00f6rt somit nicht in den Reigen der regul\u00e4ren Finisher-Medallien. Harlingen wird es wohl erst 2020 geben. Womit klar ist, ich &hellip; <a href=\"https:\/\/arnwiesen.net\/wpt\/2019\/bolsward-statt-harlingen\/\" class=\"more-link\"><span class=\"screen-reader-text\">\u201eBolsward statt Harlingen\u201c<\/span> weiterlesen<\/a><\/div><\/li>\n<li><a class=\"wp-block-latest-posts__post-title\" href=\"https:\/\/arnwiesen.net\/wpt\/2019\/stephan-beim-hamburg-marathon\/\">Stephan beim Hamburg Marathon<\/a><time datetime=\"2019-04-28T09:24:00+02:00\" class=\"wp-block-latest-posts__post-date\">28. April 2019<\/time><div class=\"wp-block-latest-posts__post-excerpt\">Jeder f\u00e4ngt mal klein an &#8211; au\u00dfer Stephan. Nach ein, zwei Kinder-Triathlons zu Beginn des Jahrtausend kam lange, lange nix. Nie ein 10-km-Lauf oder mehr. Und dann haut er heute, bei echtem Hamburger Shietwetter, einen Hamburg-Marathon unter 4,5 Stunden raus. Herzlichen Gl\u00fcckwunsch, da kommt wohl noch mehr.<\/div><\/li>\n<\/ul>","protected":false},"excerpt":{"rendered":"","protected":false},"author":1,"featured_media":0,"parent":0,"menu_order":0,"comment_status":"closed","ping_status":"closed","template":"","meta":{"footnotes":""},"class_list":["post-525","page","type-page","status-publish","hentry"],"_links":{"self":[{"href":"https:\/\/arnwiesen.net\/wpt\/wp-json\/wp\/v2\/pages\/525","targetHints":{"allow":["GET"]}}],"collection":[{"href":"https:\/\/arnwiesen.net\/wpt\/wp-json\/wp\/v2\/pages"}],"about":[{"href":"https:\/\/arnwiesen.net\/wpt\/wp-json\/wp\/v2\/types\/page"}],"author":[{"embeddable":true,"href":"https:\/\/arnwiesen.net\/wpt\/wp-json\/wp\/v2\/users\/1"}],"replies":[{"embeddable":true,"href":"https:\/\/arnwiesen.net\/wpt\/wp-json\/wp\/v2\/comments?post=525"}],"version-history":[{"count":2,"href":"https:\/\/arnwiesen.net\/wpt\/wp-json\/wp\/v2\/pages\/525\/revisions"}],"predecessor-version":[{"id":532,"href":"https:\/\/arnwiesen.net\/wpt\/wp-json\/wp\/v2\/pages\/525\/revisions\/532"}],"wp:attachment":[{"href":"https:\/\/arnwiesen.net\/wpt\/wp-json\/wp\/v2\/media?parent=525"}],"curies":[{"name":"wp","href":"https:\/\/api.w.org\/{rel}","templated":true}]}}

<ul class="wp-block-latest-posts__list has-dates wp-block-latest-posts"><li><a class="wp-block-latest-posts__post-title" href="https://arnwiesen.net/wpt/2019/joggende-stadtbesichtigung/">Joggende Stadtbesichtigung</a><time datetime="2019-10-06T10:20:00+02:00" class="wp-block-latest-posts__post-date">6. Oktober 2019</time><div class="wp-block-latest-posts__post-excerpt">Rom &#8211; 2019 Ein Segletörn rund Elba. An- und Ab-Reise erfolgte über Rom. Nach der Landung und dem Transfer zum Hotel blieb noch ein wenig Zeit für eine rasende Stadtbesichtigung</div></li>
<li><a class="wp-block-latest-posts__post-title" href="https://arnwiesen.net/wpt/2019/radtour-innsbruck-gardasee-2019/">Radtour Innsbruck &#8211; Gardasee 2019</a><time datetime="2019-08-03T09:33:00+02:00" class="wp-block-latest-posts__post-date">3. August 2019</time><div class="wp-block-latest-posts__post-excerpt">Innsbruck (Stefansbrücke) &#8211; Mühlbach &#8211; Cortina d&#8217;Ampezzo &#8211; Belluno &#8211; Lago di Caldonazzo &#8211; Gardasee (Cassone) Vom 03. &#8211; 10. August 2019 fuhren wir von der Stefansbrücke bei Innsbruck über den Brenner und&nbsp;durch Südtirol zum Gardasee.Das waren ca. 452 km in 5 Tagen.In diesem Jahr waren wir 9 Mitfahrer: Bernhard, Werner, Uli, Ludger, Cossi, Andreas, &hellip; <a href="https://arnwiesen.net/wpt/2019/radtour-innsbruck-gardasee-2019/" class="more-link"><span class="screen-reader-text">„Radtour Innsbruck &#8211; Gardasee 2019“</span> weiterlesen</a></div></li>
<li><a class="wp-block-latest-posts__post-title" href="https://arnwiesen.net/wpt/2019/35-holten-triathlon-2019/">35. Holten Triathlon 2019</a><time datetime="2019-06-30T09:28:00+02:00" class="wp-block-latest-posts__post-date">30. Juni 2019</time><div class="wp-block-latest-posts__post-excerpt">2019 Holten ETU Premium Sprint Cup &amp; ETU Junior European Cup 34 °C im Schatten und wo Sonne ist, ein bisschen mehr. Beste Bedingungen für den 35. Triathlon in Holten. Auf Grund der Temperatur ist es ein Swim-Bike &#8211; nach dem Radfahren stoppt die offizielle Zeitmessung. Ab hier ist es freigestellt ob man nach der &hellip; <a href="https://arnwiesen.net/wpt/2019/35-holten-triathlon-2019/" class="more-link"><span class="screen-reader-text">„35. Holten Triathlon 2019“</span> weiterlesen</a></div></li>
<li><a class="wp-block-latest-posts__post-title" href="https://arnwiesen.net/wpt/2019/bolsward-statt-harlingen/">Bolsward statt Harlingen</a><time datetime="2019-06-10T09:27:00+02:00" class="wp-block-latest-posts__post-date">10. Juni 2019</time><div class="wp-block-latest-posts__post-excerpt">Fietselfstedentoch die 9. Eigentlich hatte ich nach der 9. Rundfahrt das Kreuz mit dem Harlinger Stadtwappen erwartet, aber es gab Bolsward. Das große Kreuz zur 100. Elfstedentocht am Band und mit dem Wappen von Bolsward gehört somit nicht in den Reigen der regulären Finisher-Medallien. Harlingen wird es wohl erst 2020 geben. Womit klar ist, ich &hellip; <a href="https://arnwiesen.net/wpt/2019/bolsward-statt-harlingen/" class="more-link"><span class="screen-reader-text">„Bolsward statt Harlingen“</span> weiterlesen</a></div></li>
<li><a class="wp-block-latest-posts__post-title" href="https://arnwiesen.net/wpt/2019/stephan-beim-hamburg-marathon/">Stephan beim Hamburg Marathon</a><time datetime="2019-04-28T09:24:00+02:00" class="wp-block-latest-posts__post-date">28. April 2019</time><div class="wp-block-latest-posts__post-excerpt">Jeder fängt mal klein an &#8211; außer Stephan. Nach ein, zwei Kinder-Triathlons zu Beginn des Jahrtausend kam lange, lange nix. Nie ein 10-km-Lauf oder mehr. Und dann haut er heute, bei echtem Hamburger Shietwetter, einen Hamburg-Marathon unter 4,5 Stunden raus. Herzlichen Glückwunsch, da kommt wohl noch mehr.</div></li>
</ul>
